*h**2 - 261*h - 3566. What is t(-13)?
-173
Let u(j) = -1052*j**3 + 2*j**2 - 26*j + 24. Determine u(1).
-1052
Let x(v) = -387*v**2 - 8320*v - 11606. What is x(-20)?
-6
Let r(q) = -2*q**3 - 86*q**2 + 269*q - 148. Determine r(-46).
174
Let y(a) = 7*a**3 - 601*a**2 - 80*a - 535. What is y(86)?
-19
Let w(f) = f**3 + 189*f**2 + 6683*f + 478. Calculate w(-47).
55
Let y(x) = -2*x**3 + 318*x**2 - 72*x + 11284. Determine y(159).
-164
Let f(l) = -96624*l - 386403. Give f(-4).
93
Let w(z) = -24*z**3 - 10*z**2 + 39*z + 108. What is w(-2)?
182
Let z(y) = 13*y**2 - 137*y - 11837. What is z(-25)?
-287
Let m(x) = x**2 + 662*x - 16429. Calculate m(24).
35
Let k(c) = -2*c**2 - 64*c + 4848. What is k(38)?
-472
Let l(c) = -2*c**3 - 3*c**2 + 34*c + 72. Give l(-2).
8
Let b(o) = -89*o**3 - 31*o**2 + 39*o + 76. Determine b(-2).
586
Let n(c) = c**3 - 206*c**2 + 625*c - 3284. Give n(203).
-36
Let t(a) = 1362*a - 34725. Give t(26).
687
Let h(x) = -2*x**3 - 336*x**2 + 1760*x + 5117. Calculate h(-173).
-73
Let a(o) = -4*o**2 + 342*o + 974. Give a(82).
2122
Let q(j) = j**3 + 2*j**2 - 637*j + 4069. What is q(7)?
51
Let v(c) = c**3 - 3*c**2 + 36*c + 10. Determine v(0).
10
Let h(d) = 15672*d**2 + 109756*d - 25. Calculate h(-7).
-389
Let y(r) = -758*r - 4634. What is y(-3)?
-2360
Let a(w) = 2*w**3 - 56*w**2 + 29*w + 657. Determine a(27).
-18
Let r(w) = -2993*w + 19591. Determine r(7).
-1360
Let a(r) = 579*r - 6072. Calculate a(11).
297
Let b(u) = u**3 + 359*u**2 + 1076*u + 2921. What is b(-356)?
73
Let i(o) = o**3 + 340*o**2 - 3769*o + 32268. Determine i(-351).
-24
Let l(n) = 1265*n**2 - 168257*n + 1603. Calculate l(133).
7
Let r(p) = -8420*p**3 + 151561*p**2 - 19*p + 22. Calculate r(18).
4
Let g(k) = -k**3 + 69*k**2 + 1078*k - 1023. Determine g(82).
-39
Let n(h) = -2*h**3 - 62*h**2 + 512*h + 992. Calculate n(8).
96
Let b(w) = -230388*w - 12210570. Give b(-53).
-6
Let i(b) = -2*b**3 + 126*b**2 + 1472*b - 187. Give i(-10).
-307
Let w(g) = -2153*g - 148640. Give w(-69).
-83
Let d(z) = 10450*z - 178277. Determine d(17).
-627
Let r(w) = 2*w**3 - 52*w**2 - 54*w - 118. Determine r(27).
-118
Let o(h) = 2*h**3 + 35*h**2 + 53*h + 1357. Give o(-18).
79
Let p(h) = h**3 - 6*h**2 - 14175*h + 70900. Calculate p(5).
0
Let y(d) = -68575*d + 274295. Determine y(4).
-5
Let z(j) = -2*j**2 - 367*j + 8565. Give z(-205).
-250
Let z(t) = -t**3 + 57*t**2 + 135*t - 7661. Calculate z(57).
34
Let i(l) = l**3 - 645*l**2 + 3155*l + 28796. Give i(640).
-4
Let q(p) = -52*p**3 - 339*p**2 - 151*p + 73. Calculate q(-6).
7
Let x(z) = 1562*z - 14617. Calculate x(10).
1003
Let w(z) = z**3 + 55*z**2 - 230*z - 4190. Give w(10).
10
Let p(f) = 108*f + 33593. Determine p(-311).
5
Let t(n) = 4*n**2 - 24*n - 766. Calculate t(-17).
798
Let m(w) = -6730*w + 13550. Determine m(2).
90
Let c(t) = -3*t**3 - 111*t**2 + 166*t + 459. Determine c(-38).
-1517
Let w(q) = -q**2 + 1507*q + 1618002. Give w(-725).
-198
Let v(w) = 2*w**2 - 1752*w + 377182. Give v(495).
-8
Let a(x) = -14*x**3 - 3628*x**2 - 513*x + 1292. Calculate a(-259).
-3
Let s(u) = -58*u + 2891. Calculate s(37).
745
Let x(i) = -i**2 + 45062*i - 180234. What is x(4)?
-2
Let v(y) = 703*y + 10043. Determine v(-11).
2310
Let b(x) = -x**3 + 61*x**2 + 2090*x - 121467. Calculate b(64).
5
Let a(l) = -18*l**2 - 1821*l + 1825. Give a(1).
-14
Let u(h) = 51243*h - 102485. Determine u(2).
1
Let t(y) = -523698*y + 103168507. Determine t(197).
1
Let a(q) = 3935*q + 23586. Give a(-6).
-24
Let c(l) = 142*l - 8683. Calculate c(73).
1683
Let j(p) = 195*p + 13431. Calculate j(-69).
-24
Let h(o) = -o**3 + 148*o**2 + 16422*o + 65. Calculate h(222).
-1267
Let s(t) = -136051*t + 680247. Determine s(5).
-8
Let i(g) = -g**2 - 37*g + 13032. What is i(103)?
-1388
Let w(z) = 87*z - 8074. Calculate w(95).
191
Let s(p) = -4479*p + 18068. Calculate s(4).
152
Let p(d) = -11*d**2 + 1020*d + 304. Determine p(93).
25
Let z(k) = k**3 + 6*k**2 - 579*k - 507. Give z(-27).
-183
Let k(q) = 1215*q - 13539. Give k(12).
1041
Let n(m) = -2*m**2 + 1787*m + 147783. Calculate n(-76).
419
Let b(n) = -44*n + 2098. Calculate b(24).
1042
Let t(m) = -230*m**2 + 57*m - 128. Give t(4).
-3580
Let h(d) = -3*d**2 + 291*d + 3345. Calculate h(108).
-219
Let q(o) = 9*o**2 + 29*o - 112. Give q(7).
532
Let w(r) = 279*r**2 - 5283*r - 50658. Determine w(-7).
-6
Let s(a) = -a**2 - 3890*a - 58115. What is s(-15)?
10
Let w(k) = k**2 - 3493*k - 66884. Give w(-19).
-156
Let u(i) = -21*i**2 - 11538*i - 4464. What is u(-549)?
477
Let v(t) = -5*t**2 + 383*t - 2350. Determine v(6).
-232
Let m(z) = -35267*z + 634804. What is m(18)?
-2
Let d(u) = 68920*u + 275655. Determine d(-4).
-25
Let t(q) = -8*q**3 + 451*q**2 - 1424*q - 147. Determine t(53).
224
Let j(y) = -y**3 - 167*y**2 - 705*y - 8616. What is j(-163)?
23
Let j(i) = 9*i**2 + 220*i - 6966. Give j(20).
1034
Let k(g) = 80019*g + 80072. Determine k(-1).
53
Let m(x) = 39510*x - 395104. Determine m(10).
-4
Let x(d) = 381*d - 1481. What is x(4)?
43
Let w(f) = 628*f**2 + 122454*f - 1173. Give w(-195).
-3
Let w(m) = -12*m**2 + 27*m + 118. Calculate w(4).
34
Let f(u) = -107538*u - 215087. What is f(-2)?
-11
Let x(y) = y**2 - 2276*y - 47800. What is x(-21)?
437
Let t(p) = 16*p**2 + 187*p - 5158. Calculate t(13).
-23
Let l(j) = -j**2 + 2094*j - 209101. What is l(105)?
-256
Let z(i) = 896*i + 7424. Give z(-8).
256
Let q(o) = -5*o**3 + 433*o**2 - 1087*o - 180. What is q(84)?
240
Let t(l) = 9062*l - 3416428. Give t(377).
-54
Let s(u) = 41*u**3 + u**2 + 7*u - 33. Give s(3).
1104
Let q(i) = -179*i - 1250. Give q(-5).
-355
Let f(v) = 301673*v - 301664. What is f(1)?
9
Let d(q) = 2*q**2 - 12865*q - 90147. Give d(-7).
6
Let d(w) = 3*w**3 + 22*w**2 - 73*w - 386. Calculate d(-12).
-1526
Let y(f) = 113*f + 10043. Give y(-93).
-466
Let x(j) = j**3 + 329*j**2 + 4125*j + 5373. Give x(-316).
1
Let h(v) = -203393*v - 813561. Calculate h(-4).
11
Let g(f) = -9*f**2 - 1108*f + 2241. What is g(2)?
-11
Let x(y) = 126*y + 15484. Give x(-115).
994
Let r(b) = -2*b**3 + 385*b**2 + 224*b - 6043. Give r(193).
-60
Let p(r) = -r**2 + 12*r - 51. Give p(13).
-64
Let q(f) = -6543*f - 1406765. What is q(-215)?
-20
Let y(t) = -53*t**2 - 2988*t - 5975. Calculate y(-2).
-211
Let f(k) = 3*k**2 + 2201*k + 348896. Calculate f(-502).
6
Let g(k) = 64722*k - 3818589. Give g(59).
9
Let v(o) = 1271722*o + 12717213. What is v(-10)?
-7
Let r(v) = -4*v**3 + 12*v**2 - 17*v + 241. Determine r(7).
-662
Let z(s) = -1616367*s + 8081831. Determine z(5).
-4
Let q(p) = -232*p**3 + 216*p**2 - 212*p - 3. What is q(1)?
-231
Let c(t) = t**3 + 20*t**2 - 106*t - 128. What is c(-22)?
1236
Let v(x) = 2*x**3 - 138*x**2 - 417*x + 18. What is v(-3)?
-27
Let d(p) = 2*p**3 + 1103*p**2 - 4997*p + 3693. Determine d(-556).
-199
Let o(v) = -6411*v + 109033. Give o(17).
46
Let q(v) = 460*v + 5578. Calculate q(-12).
58
Let x(r) = -34*r**2 + 401*r - 797. What is x(2)?
-131
Let o(z) = 78823*z + 3783504. Determine o(-48).
0
Let g(t) = -t**2 + 47*t + 783. Give g(62).
-147
Let d(v) = 86*v - 14681. Calculate d(161).
-835
Let w(l) = -5*l**3 + 227*l**2 - 932*l + 37886. Give w(45).
-4
Let x(o) = 13614*o - 12246. What is x(1)?
1368
Let c(n) = n**3 + 5*n**2 + 29*n + 117. Determine c(-4).
17
Let p(i) = 336*i - 3223. Determine p(9).
-199
Let u(h) = 18966*h - 75878. Give u(4).
-14
Let g(o) = 3*o**3 - 35*o**2 + 70*o - 253. Give g(12).
731
Let j(s) = 2068*s + 101499. Give j(-49).
167
Let i(w) = 3293*w + 500304. Calculate i(-152).
-232
Let i(x) = -1015*x - 122808. Determine i(-121).
7
Let x(n) = -18*n**2 + 61*n + 465. Give x(7).
10
Let u(k) = 2*k**3 - 74*k**2 + 378*k + 2480. Determine u(29).
-14
Let p(w) = -4*w**3 - w**2 - 54*w + 174. What is p(3)?
-105
Let d(l) = -8*l**2 + 356*l + 6845. What is d(59)?
1
Let v(f) = 286*f**2 + 2754*f - 1051. What is v(-10)?
9
Let w(c) = -1767*c - 1369431. Determine w(-775).
-6
Let m(j) = -210*j**2 + 4427*j + 20574. Give m(25).
-1
Let o(w) = -w**3 + 2*w**2 - 104*w - 688. Calculate o(-6).
224
Let y(f) = 37*f**2 - 45*f. What is y(-3)?
468
Let b(h) = -8*h**2 + 1220*h + 6947. Calculate b(158).
-5
Let b(z) = 214*z - 9309. Calculate b(39).
-963
Let n(c) = -2926*c + 17565. Determine n(6).
9
Let m(f) = f**3 - 20*f**2 + 12*f + 407. What is m(18)?
-25
Let f(k) = -2281*k - 100354. Give f(-44).
10
Let y(o) = -7*o**2 + 91*o - 132. Determine y(10).
78
Let x(m) = 